se
Let l = 63 - -458. Is l composite?
False
Suppose -i = 5*o - 0*i + 5, 5*i = 25. Is 886/o*9/(-9) composite?
False
Suppose 4*u = -5*g + 2457 + 45, 2*g + 3*u - 1005 = 0. Let m = 837 - g. Is m a prime number?
False
Suppose 0 = 12*f - 11*f - 27. Is (-4766)/(-18) + 3 + (-75)/f prime?
False
Let n be -3 + 21/3 + 4. Let b(p) = -p**3 + 22 + 2*p**2 - 3*p**2 + n*p**2 - 4*p - 15. Is b(6) a prime number?
True
Let p(i) = -i**2 + 6*i + 7. Let h be (28/10)/((-14)/(-35)). Let j be p(h). Suppose -8*r + r + 2065 = j. Is r a prime number?
False
Let i(l) = 168*l - 7 - 2 + 61*l + 114*l. Is i(2) a prime number?
True
Suppose 5*z + 72 = 2. Is (-1 - -23)/(z/(-49)) composite?
True
Let o(k) = 502*k**3 + 10*k**2 - 25*k + 15. Is o(4) a composite number?
False
Let t(a) = 9*a + 26. Let h be t(2). Suppose -1502 = -h*n + 42*n. Is n a composite number?
False
Suppose -115 = 4*b - 3. Let l be ((-22)/(-8))/((-1)/b). Suppose -x + l = -0*x. Is x a composite number?
True
Let a = 62128 - 34125. Is a a prime number?
False
Let x(s) = -2*s - 9. Let q = -27 + 20. Let c be x(q). Suppose -c*n + 450 = 5*f, 0 = -4*f + 5*n - 83 + 470. Is f a prime number?
False
Suppose 2*u = 4*o - 0*u - 1026, -3*o = 5*u - 750. Suppose -r + 672 = o. Is r prime?
False
Let t(v) = -v**3 + 45*v**2 - 90*v - 10. Is t(42) a composite number?
True
Let f(c) = -c**2 - 7*c + 20. Let y(o) = o**2 + 5*o - 13. Let i(u) = 5*f(u) + 7*y(u). Is i(-17) a prime number?
True
Let f = -119 + 117. Is (-9011)/(-2) + (f - 7/(-2)) a prime number?
True
Let p(l) = 14*l**2 + 2*l - 15. Let i be p(-6). Suppose -9*u + 2358 - i = 0. Is u a prime number?
False
Suppose 5*r - 4*j - 119573 = 0, -2*r + 3*j + 47846 = 7*j. Is r a composite number?
False
Suppose -432 = 2*w - 6*w. Let l be 4399/9 - (-24)/w. Suppose -5*a + 514 = 4*u - l, 3*a + 1300 = 5*u. Is u composite?
False
Let q be (-12)/(-4)*(-6)/(-18). Let k be (10/8)/(q/4). Suppose k*z = 2*y - 109, y + 2*z - 61 = -20. Is y prime?
True
Suppose b + 6*b - 33481 = 0. Is b a composite number?
False
Suppose 10 = -5*a + 5*l, a + 24 = 5*a + 4*l. Let r(j) = -7 + 0*j + 0*j**2 + j**2 - a*j - 1. Is r(-7) a composite number?
True
Suppose 4*y + 2*b - 5*b + 41 = 0, -2*y + 3*b - 13 = 0. Suppose -2*i - 4*w = -0*i - 64, 134 = 4*i + 5*w. Let z = y + i. Is z a composite number?
True
Suppose -y - 5 = -28. Let i(m) = y*m**2 + 1 + 10 - 8 - 3*m. Is i(3) prime?
False
Let c(v) = -4*v**3 + v**2 + v - 1. Let k be c(1). Let w be 1/k + (-8825)/(-15). Suppose 4*t = 2*g + 112 - 394, 2*t + w = 4*g. Is g composite?
False
Suppose 27*d - 6825050 = -23*d. Is d prime?
True
Let z(n) = -3*n - 12. Let o be z(-5). Suppose -o*a - 2*a + 10 = 0. Is a/13 + 32564/91 composite?
True
Let v(i) = -516*i - 1. Let j(l) = -515*l - 1. Let r(g) = 4*j(g) - 3*v(g). Let m be (-7)/3 - (-20)/15. Is r(m) a composite number?
True
Let n(c) = 4*c**3 + 7*c**2 + 3*c - 3. Let t be n(-5). Let l = 344 - t. Is l composite?
True
Let b(v) = -8*v**3 - 2*v**2 - 2*v - 1. Suppose -4 + 2 = l. Let n be b(l). Suppose 0 = 2*y - 4*s - 142, 3*s = -y - s + n. Is y a composite number?
False
Suppose -j = -r + 2*r - 23262, -j + 3 = 0. Is r composite?
True
Let l = -213 + 2755. Suppose y = -3*m + 721 + 1182, l = 4*m - y. Is m composite?
True
Suppose -s + 2838 = k, 3*s + 0*k = -4*k + 8519. Is s prime?
True
Let d(n) = n**3 + 2*n**2 - 10*n + 10. Let k(t) = t**2. Let x(u) = d(u) + 6*k(u). Let l(s) = -s**3 + 7*s**2 - 3*s + 12. Let z be l(7). Is x(z) prime?
True
Let b(i) = -995*i - 339. Is b(-10) a prime number?
False
Let k be ((-18)/(-8))/((-18)/(-96)). Let i be k/(-24) + 18/4. Suppose -i*x + 2*b + 155 = -25, b = x - 47. Is x prime?
True
Suppose -47807 = -3*v + 10786. Is v composite?
False
Suppose -27 = 11*n - 8*n. Let w be n/2*33358/(-39). Is w/15 - 8/(-20) prime?
True
Suppose 5*j + 1727 = 3*g, 1767 = 3*g - 4*j + 7*j. Suppose -w + g = -133. Is w composite?
True
Suppose 4*t - 2*u - 56580 = 0, 14147 = t + 66*u - 67*u. Is t a prime number?
True
Suppose 4*f = 5*s + 742, -368 = 6*f - 8*f + 4*s. Suppose -f = -a + 207. Is a a composite number?
True
Suppose -2865476 - 1166097 = -91*p. Is p a prime number?
False
Let o be 302/(-14) + 6/(-14). Let g be (-24)/(-10) - o/(-55). Is (14/g)/((-3)/(-9)) a prime number?
False
Let l(g) = -2*g**3 - g**2 + g + 19. Let x be 1 + 2 + (-17 - -14). Let m be (x/(-2))/(6/(-6)). Is l(m) prime?
True
Let k be 8/(-3)*(-8 - -5). Let t = k - 6. Suppose 0 = 3*b - 5*v + 3*v - 153, -3*v = t*b - 115. Is b prime?
True
Suppose -13*g - 50 = -18*g. Let n be ((-464)/20)/((-2)/g). Let c = 83 + n. Is c prime?
True
Is ((-6)/(-8))/(144/1148352) a composite number?
False
Suppose 0 = r - 6*r - d + 684056, -2*r + 273619 = -3*d. Is r a prime number?
True
Is (0 + 8/(-12))/((-20)/366810) prime?
True
Is (169/9)/1 + (-104)/(-468) a prime number?
True
Is (3/(-9))/((24/29421)/(-8)) prime?
False
Let y = -1855 + 4206. Is y a composite number?
False
Suppose 31*m + 7626 = 34*m. Suppose 4*q = -u + m, -2*q - 2*u = -5*u - 1264. Is q prime?
False
Suppose 0*m + 3*u - 16 = -5*m, -m + 14 = -3*u. Suppose -4*i - o = -1797, m*o - 235 - 219 = -i. Is i composite?
False
Let r(v) = 541*v**2 - v + 1. Let f(t) = t**3 + 14*t**2 + 1. Let d be f(-14). Is r(d) a prime number?
True
Let p be (-6)/((1 - 0) + 0). Let k(i) = -14*i + 4 - 3 - 12*i + 6. Is k(p) composite?
False
Suppose 3579 = -11*k + 11488. Is k a composite number?
False
Let t be 90/21 - (-10)/(-35). Suppose 3*r = r - t. Is (1*r)/(30/(-465)) composite?
False
Suppose 302*w - 42410 = 292*w. Is w prime?
True
Let h(m) = 47*m - 3. Let s = 24 - 17. Let b be 1/s + 27/7. Is h(b) a prime number?
False
Suppose r + 282 - 47 = 0. Let o = r - -342. Let q = 194 - o. Is q composite?
True
Suppose i + 3 = 0, 4*j - 2*i - i - 133 = 0. Let k = j + -27. Is (8/(-12))/(k/(-2442)) composite?
True
Let v be (-64)/(-48) - 262/(-6). Let d be (0 - 1)*v/(-3). Suppose 16*k - d*k - 85 = 0. Is k prime?
False
Let j(s) = 25 - 3*s**2 + 2*s**2 + 4*s**2 + 27*s. Is j(-21) a composite number?
True
Let f(g) = 945*g + 9. Let o be f(-3). Let p = o + 5329. Is p a composite number?
False
Let s be (-68)/(-4)*1*-1. Is (-5670)/(-8) + (s/(-4) - 4) composite?
False
Let x(u) = -258*u + 89. Is x(-18) a prime number?
True
Suppose -29*f + 28*f + 107098 = 2*b, 0 = 5*f. Is b a composite number?
False
Is (-8361)/(-18)*(-28)/(-14) a composite number?
False
Let r(o) = o - 6. Let w be r(8). Suppose 3*h = 3*b + 18, -6*h + b = -w*h - 21. Suppose j - h*c + 504 = 3*j, 5*c = 4*j - 1038. Is j a composite number?
False
Let h(d) = -3*d + 2063. Let l be h(0). Let u = 3268 - l. Is u a prime number?
False
Let n = -11 + 11. Suppose 4*c + 5*m = -5, n = -3*c + 2*c + m + 10. Suppose 0 = c*y - 10*y + 2495. Is y composite?
False
Let x(y) = 2519*y**2 - 3*y - 1. Let g = 90 + -91. Is x(g) composite?
False
Let u be (-384)/15*15/(-6). Let p = 234 + u. Is p composite?
True
Suppose 0 = -48*p - 31*p + 2643103. Is p a prime number?
True
Suppose -274*p + 271*p + 4431 = 0. Is p composite?
True
Let m(z) = 1744*z + 81. Is m(10) a composite number?
True
Let a(l) = 28*l - 8*l**2 - 5 + 7*l**2 - 27*l + 18*l**2. Is a(-4) composite?
False
Let v(r) = -30*r**2 - 2*r + 17. Let t(q) = q**2 - 1. Let y(z) = -5*t(z) - v(z). Is y(5) a composite number?
True
Let y be -2 + (16 - 2) + (0 - 3). Is (-13566)/(-54) - 2/y a composite number?
False
Suppose 22*b - 48 = 10*b. Suppose 0 = b*v + 3*p - 6616, 0 = -8*v + 9*v - p - 1647. Is v a composite number?
True
Suppose 2*q = q + 1, -5*a = 4*q - 209. Suppose -m + a = -89. Suppose s = -s + m. Is s a composite number?
True
Let i = 568 - 261. Suppose n - 189 = i. Suppose 0 = -5*r + v + 608, 3*r + r + 4*v - n = 0. Is r prime?
False
Suppose -4*a + 72 = -4*p - 0*p, -54 = 3*p - a. Let c = 23 + p. Suppose k - 199 = z, -c*k = -4*k + 2*z - 211. Is k a composite number?
True
Let y(b) = -b**3 + 3*b**2 + b + 3. Let q be y(3). Is q/8 + 1252/16 composite?
False
Let f = 6 - 3. Suppose -f*w - 9 = p, -w - p - 1 = -0*w. Let j(m) = -10*m - 1. Is j(w) a prime number?
False
Let o = 4 - -6. Suppose 0*j + o = -5*h + 3*j, 0 = 3*h + j - 8. Is (-35 - 2)/((-1)/h) a prime number?
True
Let u = 7 - -2. Let n be 12/u + (-8)/(-12). Suppose 0 = -5*d - o + 286, -2*o + 113 = n*d - 3*o. Is d a prime number?
False
Let u be 56/16*(-1 - -15). Suppose 4*d = 4*c - 680, d + u = -5*c - 97. Is (d/8)/((-1)/4) composite?
False
Let q(a) = -5*a**3 - 6*a**2 + 4*a + 18